ppose -m*j - 298 = -5*j. Is j a composite number?
False
Suppose 3 = -h + 7, 5*h = 3*v + 32. Let j(t) = -112*t + 1. Is j(v) a prime number?
True
Let x be (-2)/(-8) - (-115)/20. Let r(f) = 43*f - 17. Let g be r(x). Suppose a - 78 = g. Is a prime?
False
Let x be -2 - (-5)/5 - -3. Suppose 2*l + 409 = x*j - l, -2*l = -5*j + 1017. Is j prime?
False
Suppose o = -0*o + 2. Suppose 0 = -5*n + 5*j + 2135, o*j - 317 - 969 = -3*n. Suppose 5*d = z + z - 437, -n = -2*z + 2*d. Is z composite?
False
Let v be (-1)/(-1) - (-13872)/6. Suppose -3*x = -1659 - v. Suppose 2*f = n - f - 335, 4*f = 4*n - x. Is n prime?
False
Let g(w) = -w**2 - 10*w - 30. Let s be g(-5). Let q be (1 + 87)*1 - 1. Is 4 - q/3*s a composite number?
False
Suppose 3*i + 2*p - 143 = 2248, 5*i - 3985 = -4*p. Is i a prime number?
True
Let r = -63743 - -97332. Is r composite?
False
Let m = 15142 - -4445. Is m composite?
True
Let x(q) = q**2 + 8*q - 7. Let s be x(-9). Suppose 17*b - 88095 = s*b. Is b a composite number?
True
Let z(r) = 2189*r - 209. Let t(o) = -73*o + 7. Let y(m) = -121*t(m) - 4*z(m). Is y(6) a composite number?
True
Suppose -3*f = -5*n + 1, 4 = f + 1. Suppose 0 = -n*w - 2*p + 581 + 185, -4*p = -w + 363. Is w a prime number?
True
Let i(l) = l**3 - l**2 - 1. Let v(k) = -637*k**3 - k**2 - k + 1. Let y(j) = i(j) + v(j). Suppose 6 = -4*a + 2. Is y(a) composite?
True
Suppose c - g - 3654 = 0, 0 = -3*c - 10*g + 6*g + 10927. Is c a composite number?
True
Suppose 0 = 5*z - 7388 - 45867. Is z a prime number?
True
Suppose -z - 2*i + 4 = -4, 0 = -5*z + 4*i - 2. Suppose 0*p + 322 = z*p. Is p a composite number?
True
Let n(y) = -4*y**2 + 226*y + 107. Is n(49) prime?
False
Let h(f) = -f**2 + 9*f + 8. Let z be 7 + -8 - 2/(-2). Suppose -u - 4 + 11 = z. Is h(u) a composite number?
True
Let p = -12 + 15. Suppose -z = 3*k - 487, 2*z = -p*k + 1194 - 220. Is z composite?
False
Let i(p) = 6*p**2 - 10*p - 9. Let d = -5 - -5. Suppose d*a - 3*a - 3*b - 21 = 0, 0 = -2*b. Is i(a) prime?
False
Let c(l) = -2*l**3 - 5*l**2 + 27*l + 21. Is c(-11) a prime number?
False
Let q be (10/6)/(19/57). Suppose -5*f + 2 - q = 4*o, 4*f - 2*o - 8 = 0. Is f*143 + (-6)/(-3) a composite number?
True
Suppose -4*g - r - 3308 = r, 4*g - 3*r = -3298. Is (9/6)/((-7)/g) a composite number?
True
Let r(l) = 488*l**3 - 5*l**2 + 7*l. Is r(2) prime?
False
Is -5 + 9 - 3501/(-3) a prime number?
True
Let d(v) = -v**2 + v + 9. Let s be d(5). Let o = 2 - s. Is o prime?
True
Suppose 0 = 5*d + f + 46, 5*d + 4*f + 29 = -5. Let b be 14 + d - (2 + 0). Suppose -2*z + 250 = 3*o, -3*o + 6*o + 274 = b*z. Is z composite?
False
Let v be ((-6773)/52)/(1/8). Let p = v - -4475. Is p composite?
False
Suppose -3*v + 13 = z, -3*z - 23 = -3*v + z. Suppose 0*m + 4*m = 16. Suppose -94 = -3*i - v*q, 0 = 3*i + 3*q - 92 - m. Is i composite?
True
Let v(m) = -2*m - 5. Let b be v(-4). Let l(c) = 25*c + 13*c + 4 + 9*c - 2. Is l(b) a composite number?
True
Let c = 7096 - 4299. Is c a prime number?
True
Is (-68839)/(-19) - 15/((-570)/(-4)) prime?
True
Suppose 510 = -0*q - q. Is (1/(-2))/(3/q) composite?
True
Suppose -4*x = -7*x. Let d = x - 1. Let o = d - -294. Is o a prime number?
True
Let i = 23063 - 7896. Is i a prime number?
False
Let x(u) be the first derivative of -u**4/4 + 2*u**3 - 5*u**2/2 + 6*u - 5. Let c be x(5). Is (c/(-3))/((-1)/31) a prime number?
False
Is (12/8)/(30/187540) a prime number?
True
Suppose 2207 + 2901 = 4*l. Is l a prime number?
True
Suppose 12 = -2*v - 0*v. Let w be 2/(-13) - (-11334)/(-13). Is 1/(-3) + w/v a composite number?
True
Let s(v) = -v - 9. Let c be s(-11). Let h be c/5 - (-1236)/10. Suppose t + 9 - h = 0. Is t a prime number?
False
Suppose 0 = 198*r - 186*r - 153444. Is r prime?
False
Let a = 1303 - -656. Is a a prime number?
False
Suppose -80*m = -74*m - 27978. Is m composite?
False
Suppose -5*p + 1204 = -2191. Is p composite?
True
Is 7 + -7 - -20798 - 5 - 2 a prime number?
False
Let d(s) = -65*s + 18. Let g(b) = -22*b + 6. Let p = 0 - -8. Let i(j) = p*g(j) - 3*d(j). Is i(7) a composite number?
False
Let q = -56 + 101. Let h = q - 26. Is h a prime number?
True
Let z = 73 - 68. Suppose 0 = z*n - 6100 - 6475. Is n composite?
True
Let q(j) = 124*j**3 + 7*j**2 - 4*j + 7. Is q(4) a prime number?
True
Suppose -3*k + 4*k + f + 280 = 0, -4*k + 2*f = 1102. Let g = k - -180. Is 4*5/(-20)*g a composite number?
False
Suppose -3*i - 8 = -i, -3*s - 5*i = 4343. Let x be 0 + (2328 - (-3 - -3)). Let a = s + x. Is a prime?
True
Is 126/21 - 10142/(3 + -5) a prime number?
True
Let t = 0 - -4. Suppose t*a = -0*a + 4912. Suppose a - 303 = 5*r. Is r a composite number?
True
Suppose 61122 = 17*d - 102707. Is d a prime number?
False
Suppose -3*q - 110 = -5*n, -2*n + 70 = 3*n + 5*q. Suppose l + 0*l = x + 2, -3*x = 2*l - n. Suppose 1441 = x*a + b, b + 2*b = -5*a + 2399. Is a a prime number?
False
Let d(x) = 247*x - 6. Let z(p) = 259*p - 6. Let s(f) = 130*f - 3. Let c(l) = 11*s(l) - 6*z(l). Let q(b) = 5*c(b) + 3*d(b). Is q(2) a prime number?
True
Suppose -3*n = 2*j + 3*j - 53719, 0 = 2*n + 2*j - 35810. Is n composite?
False
Suppose -8*t + 4*t - 280 = 0. Let f = 233 + t. Is f prime?
True
Suppose 121*b - 45 = 116*b. Suppose -24542 = -b*y - 5*y. Is y a prime number?
True
Suppose -5*i + 4*z = -54, -4*i + 0*z + 41 = -z. Suppose 0 = -0*l + i*l - 1590. Is l composite?
True
Let r(m) = -382*m - 58. Is r(-6) a composite number?
True
Let k(z) = -8*z + 2. Let x be k(3). Let b = -16 - x. Let m = b - -31. Is m prime?
True
Suppose -4*k - 3*q + 7202 = -9713, 4228 = k + q. Let c = -2940 + k. Is c a prime number?
True
Suppose 3*b = -4*l + 16, -l + 2*b = -6*l + 13. Is (3 + l)*1/(-2) - -484 prime?
False
Suppose 18 = 3*m - q, m = -3*m - q + 17. Suppose -w + 36 = m*w. Is w a prime number?
False
Let w(q) = -q**2 + 9*q - 12. Let k be w(6). Let g be ((-20)/k)/(22/(-99)). Is (-444)/(-5) + 3/g prime?
True
Let i = 19 + -14. Suppose -4*x + 409 = -x + i*f, -5*f = 5. Suppose 4*q = x + 1634. Is q prime?
True
Is -4 + 5 - (-2 + -14079 + 1) a prime number?
True
Let d(x) = -x**3 - 14*x**2 - x - 11. Let b be d(-14). Let l be 3/(2*b/4). Suppose l*y - 106 = -38. Is y a prime number?
False
Suppose 6*i + 0*i - 46962 = 0. Is i prime?
False
Suppose 14135 = 6*d - d. Is d prime?
False
Let w(m) = 16113*m + 112. Is w(3) prime?
False
Suppose -4*v + 20 = 0, w + 0*v - 313 = -4*v. Is w a composite number?
False
Let o = -181 - -186. Let t be (0 + 36/(-7))*-7. Suppose -o*i + t = -79. Is i a composite number?
False
Let c be (-2 - (-458)/1) + 0. Let i(s) = s**3 - 8*s**2 - 11*s + 18. Let r be i(9). Suppose r = l - 3*t - 329, 2*t + c = 5*l - 1189. Is l a composite number?
True
Suppose 4*f + c - 36362 = 0, 5*f + 5*c - 16175 = 29270. Is f a prime number?
True
Let h = -1198 + 4281. Is h composite?
False
Is 360/92 + -4 + (-3538311)/(-161) a composite number?
False
Let l(s) = 10*s + 67765. Is l(0) a prime number?
False
Let g(u) = -u**2 + 57*u + 455. Is g(48) composite?
False
Let i(s) = 17*s**2 + 1. Let r be i(3). Suppose -g = -7 - r. Is g a prime number?
False
Let x be (6 - 1) + (-8)/8. Let d = -409 - -1159. Suppose -2*c - x*v = -92 - 216, 5*v = -5*c + d. Is c a prime number?
False
Let c(u) be the second derivative of u**5/20 - 7*u**4/12 + 4*u**3/3 - 4*u**2 - u. Let j be c(6). Is 230/4 + 6/j a composite number?
False
Let i = -4 + 4. Suppose 4*f + 8 = -i*f. Is f/(-1)*(-1055)/(-10) prime?
True
Let g = -2244 + 4045. Is g prime?
True
Suppose -2*t + 2 = -u + 1, -5*t + 25 = 2*u. Suppose 0*q - t*q + p + 421 = 0, -4*q = p - 566. Is q a prime number?
False
Let h(m) = m**2 - 12*m. Let g be h(12). Is (g + 4574)*1/2 composite?
False
Suppose -3*r = -3 - 6. Suppose -p + 12 = r*p. Suppose 91 = p*t + 13. Is t a prime number?
False
Suppose 0 = -3*b - 4*n + 3*n - 25, -2*b = n + 18. Let i be (-4 - -8) + b + 5. Suppose i*x - j - 319 = 128, 4*x - 879 = -j. Is x a prime number?
False
Suppose -4*x - 2*p - p + 1636 = 0, 3*x + 4*p - 1227 = 0. Is x composite?
False
Let d(u) = 84*u - 35. Let w(h) = -7*h + 3. Suppose -3*l = 3*b + 96, 2*l + 143 = -2*l + b. Let s(q) = l*w(q) - 3*d(q). Is s(-2) a composite number?
True
Suppose 61*c = 11441 + 624606. Is c composite?
False
Suppose -8*m + 2*m = -12. Is (m/6)/((-7)/(-11697)) a prime number?
True
Suppose -5*a - 5*t = -110200, 4*a - 4*t - 129429 = -41229. Is a prime?
False
Let r = -5882 + 8535. Suppos